{"id":281,"date":"2012-09-28T18:56:27","date_gmt":"2012-09-28T18:56:27","guid":{"rendered":"http:\/\/www.aukoalazen.ch\/?page_id=281"},"modified":"2026-06-24T09:53:34","modified_gmt":"2026-06-24T09:53:34","slug":"qui-suis-je","status":"publish","type":"page","link":"http:\/\/www.aukoalazen.ch\/?page_id=281","title":{"rendered":"Biographie"},"content":{"rendered":"<p><a href=\"http:\/\/www.aukoalazen.ch\/?attachment_id=522\" rel=\"attachment wp-att-522\"><img loading=\"lazy\" decoding=\"async\" class=\"aligncenter size-medium wp-image-522\" title=\"Photo individuelle Hc Sion\" src=\"http:\/\/www.aukoalazen.ch\/wp-content\/uploads\/Photo-individuelle-Hc-Sion2-200x300.jpg\" alt=\"\" width=\"200\" height=\"300\" srcset=\"http:\/\/www.aukoalazen.ch\/wp-content\/uploads\/Photo-individuelle-Hc-Sion2-200x300.jpg 200w, http:\/\/www.aukoalazen.ch\/wp-content\/uploads\/Photo-individuelle-Hc-Sion2-682x1024.jpg 682w, http:\/\/www.aukoalazen.ch\/wp-content\/uploads\/Photo-individuelle-Hc-Sion2.jpg 1414w\" sizes=\"auto, (max-width: 200px) 100vw, 200px\" \/><\/a><\/p>\n<h1>Mon parcours<\/h1>\n<p class=\"isSelectedEnd\">Passionn\u00e9e par l&rsquo;\u00eatre humain, la nature et les relations humaines, j&rsquo;ai toujours accord\u00e9 une grande importance \u00e0 l&rsquo;\u00e9coute, \u00e0 l&rsquo;\u00e9quilibre et au bien-\u00eatre.<\/p>\n<p class=\"isSelectedEnd\">Apr\u00e8s plusieurs ann\u00e9es d&rsquo;activit\u00e9 dans le domaine de la comptabilit\u00e9, un m\u00e9tier exigeant qui m&rsquo;a apport\u00e9 rigueur et sens de l&rsquo;organisation, j&rsquo;ai ressenti le besoin de donner une dimension plus humaine \u00e0 mon parcours professionnel.<\/p>\n<p class=\"isSelectedEnd\">C&rsquo;est ainsi qu&rsquo;en 2011, j&rsquo;ai entrepris une reconversion vers les th\u00e9rapies manuelles et l&rsquo;accompagnement de la personne, avec la volont\u00e9 d&rsquo;aider chacun \u00e0 retrouver davantage de confort, d&rsquo;\u00e9quilibre et de mieux-\u00eatre dans son quotidien.<\/p>\n<p class=\"isSelectedEnd\">Cette \u00e9volution s&rsquo;est accompagn\u00e9e de nombreuses formations certifiantes ainsi que d&rsquo;un important travail personnel, me permettant d&rsquo;acqu\u00e9rir les comp\u00e9tences n\u00e9cessaires \u00e0 une pratique professionnelle, \u00e9thique et respectueuse de chaque individu.<\/p>\n<p class=\"isSelectedEnd\">Au fil des ann\u00e9es, je me suis form\u00e9e \u00e0 diff\u00e9rentes approches compl\u00e9mentaires, notamment aux massages bien-\u00eatre, au massage th\u00e9rapeutique, \u00e0 la reboutologie musculaire, \u00e0 la naturopathie, \u00e0 l&rsquo;ost\u00e9opathie douce \u00e9nerg\u00e9tique ainsi qu&rsquo;au traitement des \u00e9motions.<\/p>\n<p>Ces formations certifiantes m&rsquo;ont permis de d\u00e9velopper une approche globale et compl\u00e9mentaire, enrichie par plus de quinze ann\u00e9es d&rsquo;exp\u00e9rience pratique aupr\u00e8s de patients et de sportifs de haut niveau.<\/p>\n<h2>Une exp\u00e9rience aupr\u00e8s des sportifs de haut niveau<\/h2>\n<p class=\"isSelectedEnd\">Durant mon parcours, j&rsquo;ai eu l&rsquo;opportunit\u00e9 d&rsquo;\u00e9voluer au sein de plusieurs \u00e9quipes de hockey sur glace \u00e9voluant en ligues \u00e9lite, notamment \u00e0 Morges, Sion, Sierre et Prilly.<\/p>\n<p class=\"isSelectedEnd\">Cette exp\u00e9rience m&rsquo;a permis de d\u00e9velopper une expertise approfondie dans l&rsquo;accompagnement des sportifs, la gestion des blessures, la r\u00e9cup\u00e9ration physique, l&rsquo;entretien musculaire et la correction des d\u00e9s\u00e9quilibres posturaux.<\/p>\n<p class=\"isSelectedEnd\">J&rsquo;ai \u00e9galement appris \u00e0 intervenir dans des situations exigeantes, \u00e0 \u00e9valuer rapidement certaines blessures et \u00e0 accompagner les sportifs dans leur retour \u00e0 l&rsquo;activit\u00e9 dans les meilleures conditions possibles.<\/p>\n<h2>Une approche globale de la personne<\/h2>\n<p class=\"isSelectedEnd\">Ces quinze derni\u00e8res ann\u00e9es m&rsquo;ont permis de d\u00e9velopper une approche \u00e0 la fois technique, humaine et personnalis\u00e9e.<\/p>\n<p class=\"isSelectedEnd\">Chaque personne \u00e9tant unique, j&rsquo;accorde une attention particuli\u00e8re \u00e0 l&rsquo;\u00e9coute, \u00e0 la compr\u00e9hension des besoins et \u00e0 l&rsquo;adaptation des soins propos\u00e9s.<\/p>\n<p>Je vous accueille avec plaisir au cabinet Au Koala Zen afin de vous accompagner vers un mieux-\u00eatre durable, dans un cadre bienveillant, professionnel et respectueux.<\/p>\n<p>&nbsp;<\/p>\n<p>&nbsp;<\/p>\n<p><img loading=\"lazy\" decoding=\"async\" class=\" wp-image-635 aligncenter\" src=\"http:\/\/www.aukoalazen.ch\/wp-content\/uploads\/salle-massage-1.jpg\" alt=\"\" width=\"273\" height=\"485\" srcset=\"http:\/\/www.aukoalazen.ch\/wp-content\/uploads\/salle-massage-1.jpg 450w, http:\/\/www.aukoalazen.ch\/wp-content\/uploads\/salle-massage-1-169x300.jpg 169w\" sizes=\"auto, (max-width: 273px) 100vw, 273px\" \/><\/p>\n","protected":false},"excerpt":{"rendered":"<p>Mon parcours Passionn\u00e9e par l&rsquo;\u00eatre humain, la nature et les relations humaines, j&rsquo;ai toujours accord\u00e9 une grande importance \u00e0 l&rsquo;\u00e9coute, \u00e0 l&rsquo;\u00e9quilibre et au bien-\u00eatre. Apr\u00e8s plusieurs ann\u00e9es d&rsquo;activit\u00e9 dans le domaine de la comptabilit\u00e9, un m\u00e9tier exigeant qui m&rsquo;a apport\u00e9 rigueur et sens de l&rsquo;organisation, j&rsquo;ai ressenti le besoin de donner une dimension plus<\/p>\n<div class=\"tech_read_more\"><a href=\"http:\/\/www.aukoalazen.ch\/?page_id=281\">Read More<\/a><\/div>","protected":false},"author":1,"featured_media":0,"parent":0,"menu_order":0,"comment_status":"closed","ping_status":"closed","template":"","meta":{"footnotes":""},"class_list":["post-281","page","type-page","status-publish","hentry"],"_links":{"self":[{"href":"http:\/\/www.aukoalazen.ch\/index.php?rest_route=\/wp\/v2\/pages\/281","targetHints":{"allow":["GET"]}}],"collection":[{"href":"http:\/\/www.aukoalazen.ch\/index.php?rest_route=\/wp\/v2\/pages"}],"about":[{"href":"http:\/\/www.aukoalazen.ch\/index.php?rest_route=\/wp\/v2\/types\/page"}],"author":[{"embeddable":true,"href":"http:\/\/www.aukoalazen.ch\/index.php?rest_route=\/wp\/v2\/users\/1"}],"replies":[{"embeddable":true,"href":"http:\/\/www.aukoalazen.ch\/index.php?rest_route=%2Fwp%2Fv2%2Fcomments&post=281"}],"version-history":[{"count":132,"href":"http:\/\/www.aukoalazen.ch\/index.php?rest_route=\/wp\/v2\/pages\/281\/revisions"}],"predecessor-version":[{"id":1138,"href":"http:\/\/www.aukoalazen.ch\/index.php?rest_route=\/wp\/v2\/pages\/281\/revisions\/1138"}],"wp:attachment":[{"href":"http:\/\/www.aukoalazen.ch\/index.php?rest_route=%2Fwp%2Fv2%2Fmedia&parent=281"}],"curies":[{"name":"wp","href":"https:\/\/api.w.org\/{rel}","templated":true}]}}

<p><a href="http://www.aukoalazen.ch/?attachment_id=522" rel="attachment wp-att-522"><img loading="lazy" decoding="async" class="aligncenter size-medium wp-image-522" title="Photo individuelle Hc Sion" src="http://www.aukoalazen.ch/wp-content/uploads/Photo-individuelle-Hc-Sion2-200x300.jpg" alt="" width="200" height="300" srcset="http://www.aukoalazen.ch/wp-content/uploads/Photo-individuelle-Hc-Sion2-200x300.jpg 200w, http://www.aukoalazen.ch/wp-content/uploads/Photo-individuelle-Hc-Sion2-682x1024.jpg 682w, http://www.aukoalazen.ch/wp-content/uploads/Photo-individuelle-Hc-Sion2.jpg 1414w" sizes="auto, (max-width: 200px) 100vw, 200px" /></a></p>
<h1>Mon parcours</h1>
<p class="isSelectedEnd">Passionnée par l&rsquo;être humain, la nature et les relations humaines, j&rsquo;ai toujours accordé une grande importance à l&rsquo;écoute, à l&rsquo;équilibre et au bien-être.</p>
<p class="isSelectedEnd">Après plusieurs années d&rsquo;activité dans le domaine de la comptabilité, un métier exigeant qui m&rsquo;a apporté rigueur et sens de l&rsquo;organisation, j&rsquo;ai ressenti le besoin de donner une dimension plus humaine à mon parcours professionnel.</p>
<p class="isSelectedEnd">C&rsquo;est ainsi qu&rsquo;en 2011, j&rsquo;ai entrepris une reconversion vers les thérapies manuelles et l&rsquo;accompagnement de la personne, avec la volonté d&rsquo;aider chacun à retrouver davantage de confort, d&rsquo;équilibre et de mieux-être dans son quotidien.</p>
<p class="isSelectedEnd">Cette évolution s&rsquo;est accompagnée de nombreuses formations certifiantes ainsi que d&rsquo;un important travail personnel, me permettant d&rsquo;acquérir les compétences nécessaires à une pratique professionnelle, éthique et respectueuse de chaque individu.</p>
<p class="isSelectedEnd">Au fil des années, je me suis formée à différentes approches complémentaires, notamment aux massages bien-être, au massage thérapeutique, à la reboutologie musculaire, à la naturopathie, à l&rsquo;ostéopathie douce énergétique ainsi qu&rsquo;au traitement des émotions.</p>
<p>Ces formations certifiantes m&rsquo;ont permis de développer une approche globale et complémentaire, enrichie par plus de quinze années d&rsquo;expérience pratique auprès de patients et de sportifs de haut niveau.</p>
<h2>Une expérience auprès des sportifs de haut niveau</h2>
<p class="isSelectedEnd">Durant mon parcours, j&rsquo;ai eu l&rsquo;opportunité d&rsquo;évoluer au sein de plusieurs équipes de hockey sur glace évoluant en ligues élite, notamment à Morges, Sion, Sierre et Prilly.</p>
<p class="isSelectedEnd">Cette expérience m&rsquo;a permis de développer une expertise approfondie dans l&rsquo;accompagnement des sportifs, la gestion des blessures, la récupération physique, l&rsquo;entretien musculaire et la correction des déséquilibres posturaux.</p>
<p class="isSelectedEnd">J&rsquo;ai également appris à intervenir dans des situations exigeantes, à évaluer rapidement certaines blessures et à accompagner les sportifs dans leur retour à l&rsquo;activité dans les meilleures conditions possibles.</p>
<h2>Une approche globale de la personne</h2>
<p class="isSelectedEnd">Ces quinze dernières années m&rsquo;ont permis de développer une approche à la fois technique, humaine et personnalisée.</p>
<p class="isSelectedEnd">Chaque personne étant unique, j&rsquo;accorde une attention particulière à l&rsquo;écoute, à la compréhension des besoins et à l&rsquo;adaptation des soins proposés.</p>
<p>Je vous accueille avec plaisir au cabinet Au Koala Zen afin de vous accompagner vers un mieux-être durable, dans un cadre bienveillant, professionnel et respectueux.</p>
<p>&nbsp;</p>
<p>&nbsp;</p>
<p><img loading="lazy" decoding="async" class=" wp-image-635 aligncenter" src="http://www.aukoalazen.ch/wp-content/uploads/salle-massage-1.jpg" alt="" width="273" height="485" srcset="http://www.aukoalazen.ch/wp-content/uploads/salle-massage-1.jpg 450w, http://www.aukoalazen.ch/wp-content/uploads/salle-massage-1-169x300.jpg 169w" sizes="auto, (max-width: 273px) 100vw, 273px" /></p>

<p>Mon parcours Passionnée par l&rsquo;être humain, la nature et les relations humaines, j&rsquo;ai toujours accordé une grande importance à l&rsquo;écoute, à l&rsquo;équilibre et au bien-être. Après plusieurs années d&rsquo;activité dans le domaine de la comptabilité, un métier exigeant qui m&rsquo;a apporté rigueur et sens de l&rsquo;organisation, j&rsquo;ai ressenti le besoin de donner une dimension plus</p>
<div class="tech_read_more"><a href="http://www.aukoalazen.ch/?page_id=281">Read More</a></div>
